e highest common factor of 10609 and 232162?
103
Calculate the greatest common factor of 95 and 87160.
5
What is the highest common factor of 9456 and 1104?
48
Calculate the highest common factor of 6 and 47506.
2
What is the greatest common factor of 682 and 297?
11
What is the greatest common factor of 58355 and 495?
55
What is the greatest common divisor of 312 and 17823?
39
Calculate the highest common factor of 9266 and 4018.
82
Calculate the highest common factor of 1240 and 217930.
310
What is the highest common factor of 488 and 5672?
8
What is the greatest common factor of 78728 and 208?
104
Calculate the greatest common factor of 53800 and 520.
40
What is the greatest common factor of 25 and 386600?
25
Calculate the highest common divisor of 105265 and 1480.
185
Calculate the greatest common divisor of 4598 and 11077.
209
Calculate the highest common divisor of 4331 and 15738.
61
Calculate the highest common factor of 10764 and 666.
18
What is the highest common divisor of 1094 and 6166331?
547
Calculate the greatest common factor of 36 and 2010924.
36
What is the highest common divisor of 441 and 171018?
9
Calculate the highest common factor of 1435 and 345261.
287
Calculate the highest common factor of 30 and 623790.
30
Calculate the greatest common factor of 13500 and 189.
27
Calculate the greatest common factor of 39306 and 12.
6
Calculate the highest common factor of 2178 and 558.
18
Calculate the greatest common divisor of 1416 and 17405.
59
Calculate the highest common divisor of 76 and 5605.
19
Calculate the highest common factor of 1287 and 227214.
117
Calculate the greatest common factor of 210 and 6060.
30
What is the highest common factor of 288 and 732?
12
Calculate the highest common divisor of 6399 and 2923.
79
Calculate the greatest common divisor of 22213 and 8702.
229
Calculate the greatest common divisor of 13280 and 6225.
415
What is the highest common factor of 3867053 and 83?
83
Calculate the greatest common divisor of 3195 and 6795.
45
Calculate the highest common divisor of 63 and 48870.
9
Calculate the highest common divisor of 12896 and 2015.
403
What is the greatest common factor of 1517 and 1558?
41
Calculate the highest common factor of 364 and 280735.
91
What is the highest common factor of 1260 and 444465?
315
What is the highest common factor of 3 and 357081?
3
Calculate the greatest common divisor of 9 and 2868579.
9
What is the greatest common divisor of 32407 and 46?
23
Calculate the highest common factor of 15 and 113255.
5
Calculate the highest common divisor of 58240 and 72.
8
Calculate the highest common factor of 51065 and 875.
35
What is the highest common factor of 4707357 and 447?
447
Calculate the greatest common factor of 450 and 81135.
45
What is the highest common divisor of 144 and 446544?
144
Calculate the highest common factor of 18252 and 38376.
468
What is the greatest common factor of 1028512 and 96?
32
What is the greatest common divisor of 19 and 1711330?
19
What is the highest common divisor of 1112408 and 88?
88
Calculate the greatest common divisor of 17404 and 380.
76
Calculate the greatest common factor of 1965 and 300.
15
What is the greatest common factor of 79484 and 496?
124
Calculate the greatest common factor of 119 and 2506259.
119
Calculate the highest common divisor of 18 and 40008.
6
What is the highest common factor of 751102 and 22?
22
Calculate the greatest common divisor of 1230 and 63304.
82
What is the highest common divisor of 36 and 1307871?
9
Calculate the greatest common factor of 56332 and 84.
4
What is the highest common factor of 451 and 14487?
11
What is the highest common divisor of 41054 and 78?
26
What is the highest common factor of 4012 and 187?
17
What is the highest common divisor of 12441 and 650?
13
Calculate the greatest common divisor of 4928 and 539.
77
What is the highest common divisor of 36 and 74331?
9
What is the greatest common divisor of 1172 and 12599?
293
What is the highest common factor of 89008 and 16?
16
Calculate the highest common factor of 279678 and 42.
42
Calculate the highest common divisor of 108 and 18268.
4
What is the highest common divisor of 118618 and 1016?
254
What is the greatest common factor of 6318 and 7254?
234
Calculate the highest common factor of 762463 and 445.
89
What is the highest common divisor of 456751 and 1382?
691
What is the highest common divisor of 471157 and 157?
157
What is the highest common factor of 1215 and 1964385?
135
What is the greatest common divisor of 80137 and 127?
127
Calculate the greatest common factor of 1586260 and 80.
20
What is the greatest common factor of 400 and 10310?
10
Calculate the greatest common divisor of 1159 and 117791.
61
Calculate the greatest common factor of 711 and 10349.
79
Calculate the greatest common divisor of 9288 and 43688.
344
What is the greatest common factor of 1201659 and 2172?
543
Calculate the greatest common divisor of 79948 and 154.
22
Calculate the greatest common factor of 1235 and 4680.
65
Calculate the greatest common divisor of 266 and 58976.
38
What is the highest common factor of 550 and 63150?
50
Calculate the highest common divisor of 12275 and 25.
25
Calculate the highest common factor of 31500 and 14850.
450
What is the highest common divisor of 5151 and 1020?
51
What is the greatest common factor of 5191 and 10203?
179
Calculate the highest common divisor of 30 and 225705.
15
What is the greatest common factor of 20960 and 8?
8
What is the highest common factor of 2 and 67546?
2
What is the highest common factor of 161 and 129743?
23
Calculate the greatest common divisor of 83760 and 600.
120
What is the greatest common divisor of 2295 and 504645?
255
What is the greatest common divisor of 418 and 119064?
22
What is the highest common factor of 846 and 43898?
94
What is the highest common divisor of 1875 and 395100?
75
Calculate the greatest common divisor of 157080 and 102.
102
What is the greatest common factor of 758 and 146673?
379
What is the highest common factor of 29 and 189?
1
Calculate the highest common divisor of 31613 and 3232.
101
Calculate the highest common factor of 120456 and 3768.
24
Calculate the greatest common factor of 400 and 61456.
16
Calculate the highest common factor of 888 and 8374728.
888
What is the greatest common divisor of 4760 and 39480?
280
Calculate the highest common divisor of 5634 and 684.
18
What is the greatest common factor of 136888 and 124356?
964
What is the greatest common factor of 11914 and 162449?
161
What is the greatest common divisor of 706 and 7740937?
353
What is the highest common divisor of 85976 and 91838?
1954
Calculate the greatest common divisor of 12 and 268.
4
What is the highest common factor of 388643 and 188?
47
Calculate the highest common divisor of 90 and 100935.
45
Calculate the highest common divisor of 15 and 160995.
15
Calculate the highest common divisor of 211386 and 294.
294
Calculate the highest common factor of 230400 and 2520.
360
Calculate the greatest common factor of 63 and 3789.
9
What is the highest common factor of 7262 and 50?
2
Calculate the greatest common factor of 808 and 754268.
404
Calculate the greatest common factor of 134288 and 448.
112
Calculate the greatest common divisor of 336 and 539952.
336
What is the greatest common divisor of 61 and 1320467?
61
Calculate the highest common factor of 680687 and 7.
7
What is the greatest common divisor of 2696 and 17524?
1348
Calculate the highest common divisor of 4552689 and 46.
23
Calculate the highest common factor of 264 and 257592.
24
Calculate the greatest common factor of 118779 and 411.
411
What is the greatest common divisor of 31289 and 536?
67
Calculate the greatest common factor of 978 and 4727326.
326
Calculate the greatest common divisor of 215 and 426259.
43
What is the greatest common factor of 1 and 6387?
1
What is the highest common factor of 588498 and 258?
258
What is the greatest common factor of 960 and 24300?
60
Calculate the greatest common factor of 392 and 1064.
56
What is the greatest common divisor of 20243 and 1116?
31
Calculate the highest common factor of 72 and 80046.
18
Calculate the highest common divisor of 456115 and 55.
55
What is the highest common fa